2, 41
Let i(l) = 65*l**3 - 7*l**2 + 11*l - 146. What are the prime factors of i(7)?
79, 277
Let l be (-154)/(-30) - (-36)/(-270). Suppose 3*z = g - 897, l*g + 5*z - 1794 = 3*g. What are the prime factors of g?
3, 13, 23
Let t = 117868 - 71584. List the prime factors of t.
2, 3, 7, 19, 29
List the prime factors of 794/(10/(-1380)*-6).
2, 23, 397
Let o = 22972 + 1197. What are the prime factors of o?
24169
Suppose 2*r = -2*g + 38006, g - 2*r = -5*r + 19017. What are the prime factors of g?
2, 3, 1583
Let y(f) = 2*f**2 - 10*f + 39. Let k be y(13). Suppose 11*n + k = 12*n. List the prime factors of n.
13, 19
Suppose 0 = -u + 3*u + g + 21, 21 = -u - 4*g. Let d be (78/(-273))/((-1)/21). What are the prime factors of (6/u)/(-2) - (-616)/d?
103
Let q = 259 + -319. What are the prime factors of 7443/7 - (q/35 - -2)?
1063
Let d(w) = 4*w**2 + 130*w - 331. List the prime factors of d(-65).
23, 353
Let d be 348/(-24)*((2 - 2) + 8). Let c = 119 + d. What are the prime factors of c?
3
Suppose 42114 = -45*j + 48*j. What are the prime factors of j?
2, 7019
Let b be (-20)/(-2) + 15/(-3). Suppose 0 = -o + v + 671, 4*v - 1686 = -b*o + 1633. List the prime factors of o.
23, 29
Let b = -1337 + -308. Let t = b + 2304. What are the prime factors of t?
659
Suppose -2*s - 278 = -5*z + 51245, -5*z - 4*s + 51559 = 0. List the prime factors of z.
11, 937
Let w = 15 - 13. Let m be 4908/27 + w/9. Suppose 2*z + z = -j + m, -4*z = 5*j - 239. What are the prime factors of z?
61
Let t be (348/(-108))/((-2)/18). Let w be 2/(-3) - (-16)/6. Suppose t + 13 = w*i. List the prime factors of i.
3, 7
Let y = -2085 - -7112. List the prime factors of y.
11, 457
Let x = -74 - -72. Let r be (-1)/x*(219 - 3) + 0. Suppose k - r + 28 = 0. List the prime factors of k.
2, 5
Suppose -82042 - 15438 = -20*a + 149900. What are the prime factors of a?
3, 7, 19, 31
Let o(v) = -16*v**2 + 4*v - 2. Let f(l) = -l**2 + 1. Let r(u) = -5*f(u) - o(u). Let s be r(-2). Suppose -251 - s = -5*w. What are the prime factors of w?
2, 17
Let r(o) = -o**3 + 5*o + 3. Let d(g) = g**3 - g**2. Let x(p) = -5*d(p) - r(p). List the prime factors of x(-3).
3, 5, 11
Let z(k) = -2*k**3 + 5*k + 4 - 8 - 3*k**2 + 3 + k**2. Let l be z(-5). Suppose l*w = 179*w - 1560. List the prime factors of w.
2, 3, 13
Let o(c) = -1293*c + 3149. What are the prime factors of o(-13)?
2, 17, 587
Let f be 548/6*(36 + -33). Suppose 5*u = h + 174, 7*h + 4*u = 6*h - 129. Let p = f + h. What are the prime factors of p?
5
Let y(v) = -v**3 - 15*v**2 - 16*v + 5. Let f = -46 - -32. Let n be y(f). Let p = 0 + n. List the prime factors of p.
3, 11
Suppose 5*b + 113668 = 3*v, 1094*v - 1093*v + 3*b = 37866. List the prime factors of v.
3, 23, 61
Suppose -w - 24 = -12. Let u(d) = -d + 36 + 7*d + 0*d - 5*d. List the prime factors of u(w).
2, 3
Let l = -50016 + 93851. What are the prime factors of l?
5, 11, 797
Let k be ((-91)/39)/(3/(-882)*-2). Let h = k - -447. List the prime factors of h.
2, 13
Suppose 0*d + 16 = -o + d, 0 = -2*d + 4. List the prime factors of 260 - (-1 + 10)*o/(-63).
2, 3, 43
Suppose 79*u = 57*u + 15906. Let f = 2 - -3. Suppose 16 = -f*j + 6, 5*c - 4*j - u = 0. List the prime factors of c.
11, 13
Let i = -20351 + 47574. What are the prime factors of i?
7, 3889
Let u = -9968 + 18103. What are the prime factors of u?
5, 1627
Let o(v) = -37121*v - 340. List the prime factors of o(-2).
2, 3, 109, 113
Let l(z) = 18*z - 18. Let x be l(6). Let p = x + -88. Suppose m = p*h - 344, -7*m = -2*m. List the prime factors of h.
2, 43
Let o = -6042 - -12316. What are the prime factors of o?
2, 3137
Let v = 140 + -155. Let t(j) = j**3 + 18*j**2 + 27*j + 67. What are the prime factors of t(v)?
337
Let f be (-4)/(-4*2) - 2366622/(-36). Suppose 15*u + 23*u - f = 0. What are the prime factors of u?
2, 5, 173
Let m(j) = -562*j - 22. Let u be m(-5). Suppose u = 8*c + 332. List the prime factors of c.
307
Let q = 6120 + 14781. What are the prime factors of q?
3, 6967
Let y(j) = -40*j**2 + j + 12140. List the prime factors of y(0).
2, 5, 607
Let z = 14920 + -6371. List the prime factors of z.
83, 103
What are the prime factors of (-6 + (-683634)/126)/((-2)/12)?
2, 5, 3259
Let w = -274 + 926. Suppose -2*l + 448 = -7*y + 3*y, 2*y + w = 3*l. List the prime factors of l.
2, 107
Let m be 1*2*(605 + -55) - -6. Suppose l = -4*n + 32 + 4, 2*l - 8 = 0. Suppose -a - m = -n*a. List the prime factors of a.
2, 79
Suppose 0 = 11*z - 2102 - 417. Suppose 2*t = a + z, 5*t = -3*a - 121 + 721. What are the prime factors of t?
3, 13
Suppose 8*t - 3*d = 7*t + 4461, 0 = -2*d - 8. List the prime factors of t.
3, 1483
Suppose -10106 = -c + 4*d, -4*d + 10074 = -69*c + 70*c. List the prime factors of c.
2, 5, 1009
Suppose -u + 24312 - 2994 + 8472 = 0. List the prime factors of u.
2, 3, 5, 331
Suppose 276*u = -94*u + 2600730. List the prime factors of u.
3, 11, 71
Let i = -4777 - -18799. List the prime factors of i.
2, 3, 19, 41
Let p = -2994 - -4509. Let x = 2137 - p. What are the prime factors of x?
2, 311
Let p(j) = -j**3 - 4*j**2 + 35*j + 9. Let v be p(4). Let n = -20 + 30. What are the prime factors of 1/(15/n*2/v)?
7
Let p = -4139 - -9514. List the prime factors of p.
5, 43
List the prime factors of 42/(-10) + 12199096/455.
11, 2437
Let x = 328 - 314. List the prime factors of (11 - x)*1098/(-3).
2, 3, 61
Let m = -154 + 156. Suppose m*h - 567 + 89 = 3*f, h - 217 = -4*f. List the prime factors of h.
233
Let z be (0 - (1 - 0))*(-111 - 7). Suppose z = -3*h + 3*t - 203, 5*h = -5*t - 575. What are the prime factors of -2*((0 - h/(-2)) + -2)?
5, 23
Let i = 24835 - 7833. List the prime factors of i.
2, 8501
Suppose -177 - 40 = -31*c. What are the prime factors of 741 + (-5 - -2) + c?
5, 149
Let y(g) = -12*g**3 + 8*g**2 + 14*g - 13. Let i(c) = -2*c**3 + c**2. Let t(v) = -5*i(v) + y(v). List the prime factors of t(-6).
443
Suppose -2*a + 401*v = 406*v - 40506, -4*a = 4*v - 81000. List the prime factors of a.
2, 2531
Let m(u) be the first derivative of -5*u**2 + 11*u - 22. What are the prime factors of m(-6)?
71
Let u(b) = -7065*b**3 + 2*b**2 + 27*b + 26. What are the prime factors of u(-1)?
2, 3533
Suppose -2*d - 10 = -4*a + 3*a, 14 = a - 3*d. Suppose -5*l + 8*l + 183 = -a*h, h + 64 = 4*l. Let t = -62 - h. What are the prime factors of t?
2, 11
Let y = 302 - 300. Suppose 0 = -y*j + 5*z + 419, 5*j - z - 1000 = 2*z. What are the prime factors of j?
197
Let o(s) = -1977*s + 17471. List the prime factors of o(5).
2, 3793
Suppose 7*z - 5*x = 3*z - 2052, 0 = 4*z + 4*x + 2088. Let o = 793 + z. What are the prime factors of o?
5, 11
Let s(f) be the first derivative of f**4/6 - f**3/6 - 2*f**2 - 16*f - 17. Let k(a) be the first derivative of s(a). List the prime factors of k(-8).
2, 3, 11
Let u(p) = p**3 - 16*p**2 - 2*p + 13. Let m be u(16). Let r = m + 27. Suppose r*l - 270 = 3*l. What are the prime factors of l?
2, 3
List the prime factors of (143 + -1)*((-6)/18 - (-214)/12).
5, 7, 71
Suppose -3*z + 23 = z + 3*d, -d = 5*z - 15. Let y(m) = -11*m**3 - 2*m + 6*m - 12 - 2*m**z + 10*m**3. List the prime factors of y(-6).
2, 3
Let t(l) = -l**2 + 13*l - 31. Let x be t(6). Suppose -21 = 7*a - x*a - 5*g, -29 = 4*a - 5*g. What are the prime factors of a/(-5) + -1 + (-7912)/(-40)?
197
Let z(j) be the second derivative of -1/20*j**5 + 1/6*j**3 - 12*j - 1/4*j**4 + j**2 + 0. What are the prime factors of z(-5)?
47
Suppose 0 = 36*i + 2*i - 34*i - 202896. What are the prime factors of i?
2, 3, 1409
List the prime factors of (-6)/14 + 471414/63 - (-4)/(-12).
2, 3, 29, 43
Suppose 91*a - 999821 = 461184. List the prime factors of a.
5, 13, 19
Suppose 3*w = w. Suppose w = b - 0*b + 4*n - 2984, 3*b = 4*n + 8872. What are the prime factors of 8/60 - b/(-45)?
2, 3, 11
Suppose -234*b + i + 60840 = -230*b, b + 3*i - 15210 = 0. What are the prime factors of b?
2, 3, 5, 13
Let i = -11200 + 12135. List the prime factors of i.
5, 11, 17
Suppose -3 = t - 5, -5*t = -4*o + 2370. Suppose -5*a = -5*l - o, -4*a + l + 491 = -0*l. List the prime factors of a.
2, 31
Suppose 39*p - 36*p + 4*n = 126726, 4*n = p - 42242. What are the prime factors of p?
2, 21121
Let b(n) = 71*n + 117*n - 61*n + 91*n. Let t be b(2). Let y = -261 + t. What are the prime factors of y?
5, 7
Suppose 8*r = 4*r + 676. Let p(y) = -311*y**3 - 3*y**2 - 186*y - 184.